{"id":179,"date":"2018-03-07T16:03:19","date_gmt":"2018-03-07T15:03:19","guid":{"rendered":"http:\/\/fcc.mohanty-gmbh.de\/faserbuendel\/"},"modified":"2018-06-11T13:07:27","modified_gmt":"2018-06-11T11:07:27","slug":"optical-fiber-bundle","status":"publish","type":"page","link":"https:\/\/www.fibrecableconnect.de\/en\/products-services\/optical-fiber-bundle\/","title":{"rendered":"Optical Fiber Bundle"},"content":{"rendered":"<h3>Optical Fiber Bundle<\/h3>\n<p>In spectroscopy, optical Fiber bundles are part of a modern spectrometer\u2019s equipment. They establish the connection between the spectrometer, the sources of illumination light for measurement and evaluation technology. In spectroscopy, special fibers coated with polyimide are used for fiber bundles. This polyimide layer is only a few microns thick and must not be stripped off during production of a fiber bundle, because it increases the distance between the fibers within the bundle only slightly. At the same time it stabilizes the fiber. Apart from the SMA connectors FC\/PC connectors are also used. Inside the plugs, several fibers are bonded to form a fiber bundle, sometimes highly temperature-resistant, with special fiber arrangements as a gap or matrix to suit the receiver.<\/p>\n<p>&nbsp;<\/p>\n<div id='gallery-1' class='gallery galleryid-179 gallery-columns-3 gallery-size-thumbnail'>\n<figure class='gallery-item'>\n<div class='gallery-icon landscape'>\n\t\t\t\t<a href='https:\/\/www.fibrecableconnect.de\/en\/img_0481\/'><img loading=\"lazy\" decoding=\"async\" width=\"280\" height=\"157\" src=\"https:\/\/www.fibrecableconnect.de\/wp-content\/uploads\/IMG_0481-280x157.jpg\" class=\"attachment-thumbnail size-thumbnail\" alt=\"\" srcset=\"https:\/\/www.fibrecableconnect.de\/wp-content\/uploads\/IMG_0481-280x157.jpg 280w, https:\/\/www.fibrecableconnect.de\/wp-content\/uploads\/IMG_0481-400x225.jpg 400w, https:\/\/www.fibrecableconnect.de\/wp-content\/uploads\/IMG_0481-256x144.jpg 256w\" sizes=\"auto, (max-width: 280px) 100vw, 280px\" \/><\/a>\n\t\t\t<\/div>\n<\/figure>\n<figure class='gallery-item'>\n<div class='gallery-icon landscape'>\n\t\t\t\t<a href='https:\/\/www.fibrecableconnect.de\/en\/img_0495-2\/'><img loading=\"lazy\" decoding=\"async\" width=\"280\" height=\"157\" src=\"https:\/\/www.fibrecableconnect.de\/wp-content\/uploads\/IMG_0495-1-280x157.jpg\" class=\"attachment-thumbnail size-thumbnail\" alt=\"\" srcset=\"https:\/\/www.fibrecableconnect.de\/wp-content\/uploads\/IMG_0495-1-280x157.jpg 280w, https:\/\/www.fibrecableconnect.de\/wp-content\/uploads\/IMG_0495-1-400x225.jpg 400w, https:\/\/www.fibrecableconnect.de\/wp-content\/uploads\/IMG_0495-1-256x144.jpg 256w\" sizes=\"auto, (max-width: 280px) 100vw, 280px\" \/><\/a>\n\t\t\t<\/div>\n<\/figure>\n<figure class='gallery-item'>\n<div class='gallery-icon portrait'>\n\t\t\t\t<a href='https:\/\/www.fibrecableconnect.de\/en\/img_0385\/'><img loading=\"lazy\" decoding=\"async\" width=\"280\" height=\"157\" src=\"https:\/\/www.fibrecableconnect.de\/wp-content\/uploads\/IMG_0385-280x157.jpg\" class=\"attachment-thumbnail size-thumbnail\" alt=\"\" srcset=\"https:\/\/www.fibrecableconnect.de\/wp-content\/uploads\/IMG_0385-280x157.jpg 280w, https:\/\/www.fibrecableconnect.de\/wp-content\/uploads\/IMG_0385-400x225.jpg 400w, https:\/\/www.fibrecableconnect.de\/wp-content\/uploads\/IMG_0385-256x144.jpg 256w\" sizes=\"auto, (max-width: 280px) 100vw, 280px\" \/><\/a>\n\t\t\t<\/div>\n<\/figure>\n<figure class='gallery-item'>\n<div class='gallery-icon landscape'>\n\t\t\t\t<a href='https:\/\/www.fibrecableconnect.de\/en\/products-services\/optical-fiber-bundle\/faserbuendel_gross\/'><img loading=\"lazy\" decoding=\"async\" width=\"280\" height=\"157\" src=\"https:\/\/www.fibrecableconnect.de\/wp-content\/uploads\/Faserb\u00fcndel_gross-280x157.jpg\" class=\"attachment-thumbnail size-thumbnail\" alt=\"\" srcset=\"https:\/\/www.fibrecableconnect.de\/wp-content\/uploads\/Faserb\u00fcndel_gross-280x157.jpg 280w, https:\/\/www.fibrecableconnect.de\/wp-content\/uploads\/Faserb\u00fcndel_gross-400x225.jpg 400w, https:\/\/www.fibrecableconnect.de\/wp-content\/uploads\/Faserb\u00fcndel_gross-256x144.jpg 256w\" sizes=\"auto, (max-width: 280px) 100vw, 280px\" \/><\/a>\n\t\t\t<\/div>\n<\/figure>\n<figure class='gallery-item'>\n<div class='gallery-icon landscape'>\n\t\t\t\t<a href='https:\/\/www.fibrecableconnect.de\/en\/products-services\/optical-fiber-bundle\/faserbuendel-linienanordnung\/'><img loading=\"lazy\" decoding=\"async\" width=\"280\" height=\"157\" src=\"https:\/\/www.fibrecableconnect.de\/wp-content\/uploads\/Faserbuendel-Linienanordnung-280x157.jpg\" class=\"attachment-thumbnail size-thumbnail\" alt=\"\" srcset=\"https:\/\/www.fibrecableconnect.de\/wp-content\/uploads\/Faserbuendel-Linienanordnung-280x157.jpg 280w, https:\/\/www.fibrecableconnect.de\/wp-content\/uploads\/Faserbuendel-Linienanordnung-400x225.jpg 400w, https:\/\/www.fibrecableconnect.de\/wp-content\/uploads\/Faserbuendel-Linienanordnung-256x144.jpg 256w\" sizes=\"auto, (max-width: 280px) 100vw, 280px\" \/><\/a>\n\t\t\t<\/div>\n<\/figure><\/div>\n","protected":false},"excerpt":{"rendered":"<p>In der Spektroskopie geh\u00f6ren Glasfaserkabel zur modernen Ausr\u00fcstung eines Spektrometers. Sie stellen die Verbindung zwischen dem Spektrometer, den Quellen von Mess- Beleuchtungslicht und der Auswertetechnik her. In der Spektroskopie verwendet man f\u00fcr ein Faserb\u00fcndel spezielle, mit Polyimide beschichtete Fasern. Diese Polyimide-Schicht ist nur wenige Mikrometer dick und muss bei der Herstellung eines Faserb\u00fcndels nicht abgezogen werden, weil sie den Abstand der Fasern im B\u00fcndel nur geringf\u00fcgig vergr\u00f6\u00dfert. Gleichzeitig stabilisiert sie die Faser. Au\u00dfer den SMA-Steckern werden auch FC\/PC-Stecker verwendet. In den Steckern sind mehrere Fasern als Faserb\u00fcndel verklebt, teilweise hochtemperaturresistent, mit spezieller Faseranordnung als Spalt oder Matrix, passend zum Empf\u00e4nger.<\/p>\n","protected":false},"author":1,"featured_media":886,"parent":278,"menu_order":40,"comment_status":"closed","ping_status":"closed","template":"","meta":{"_genesis_hide_title":false,"_genesis_hide_breadcrumbs":false,"_genesis_hide_singular_image":false,"_genesis_hide_footer_widgets":false,"_genesis_custom_body_class":"","_genesis_custom_post_class":"","_genesis_layout":"","footnotes":""},"class_list":{"0":"post-179","1":"page","2":"type-page","3":"status-publish","4":"has-post-thumbnail","6":"entry"},"_links":{"self":[{"href":"https:\/\/www.fibrecableconnect.de\/en\/wp-json\/wp\/v2\/pages\/179","targetHints":{"allow":["GET"]}}],"collection":[{"href":"https:\/\/www.fibrecableconnect.de\/en\/wp-json\/wp\/v2\/pages"}],"about":[{"href":"https:\/\/www.fibrecableconnect.de\/en\/wp-json\/wp\/v2\/types\/page"}],"author":[{"embeddable":true,"href":"https:\/\/www.fibrecableconnect.de\/en\/wp-json\/wp\/v2\/users\/1"}],"replies":[{"embeddable":true,"href":"https:\/\/www.fibrecableconnect.de\/en\/wp-json\/wp\/v2\/comments?post=179"}],"version-history":[{"count":6,"href":"https:\/\/www.fibrecableconnect.de\/en\/wp-json\/wp\/v2\/pages\/179\/revisions"}],"predecessor-version":[{"id":1042,"href":"https:\/\/www.fibrecableconnect.de\/en\/wp-json\/wp\/v2\/pages\/179\/revisions\/1042"}],"up":[{"embeddable":true,"href":"https:\/\/www.fibrecableconnect.de\/en\/wp-json\/wp\/v2\/pages\/278"}],"wp:featuredmedia":[{"embeddable":true,"href":"https:\/\/www.fibrecableconnect.de\/en\/wp-json\/wp\/v2\/media\/886"}],"wp:attachment":[{"href":"https:\/\/www.fibrecableconnect.de\/en\/wp-json\/wp\/v2\/media?parent=179"}],"curies":[{"name":"wp","href":"https:\/\/api.w.org\/{rel}","templated":true}]}}

<h3>Optical Fiber Bundle</h3>
<p>In spectroscopy, optical Fiber bundles are part of a modern spectrometer’s equipment. They establish the connection between the spectrometer, the sources of illumination light for measurement and evaluation technology. In spectroscopy, special fibers coated with polyimide are used for fiber bundles. This polyimide layer is only a few microns thick and must not be stripped off during production of a fiber bundle, because it increases the distance between the fibers within the bundle only slightly. At the same time it stabilizes the fiber. Apart from the SMA connectors FC/PC connectors are also used. Inside the plugs, several fibers are bonded to form a fiber bundle, sometimes highly temperature-resistant, with special fiber arrangements as a gap or matrix to suit the receiver.</p>
<p>&nbsp;</p>
<div id='gallery-1' class='gallery galleryid-179 gallery-columns-3 gallery-size-thumbnail'>
<figure class='gallery-item'>
<div class='gallery-icon landscape'>
				<a href='https://www.fibrecableconnect.de/en/img_0481/'><img loading="lazy" decoding="async" width="280" height="157" src="https://www.fibrecableconnect.de/wp-content/uploads/IMG_0481-280x157.jpg" class="attachment-thumbnail size-thumbnail" alt="" srcset="https://www.fibrecableconnect.de/wp-content/uploads/IMG_0481-280x157.jpg 280w, https://www.fibrecableconnect.de/wp-content/uploads/IMG_0481-400x225.jpg 400w, https://www.fibrecableconnect.de/wp-content/uploads/IMG_0481-256x144.jpg 256w" sizes="auto, (max-width: 280px) 100vw, 280px" /></a>
			</div>
</figure>
<figure class='gallery-item'>
<div class='gallery-icon landscape'>
				<a href='https://www.fibrecableconnect.de/en/img_0495-2/'><img loading="lazy" decoding="async" width="280" height="157" src="https://www.fibrecableconnect.de/wp-content/uploads/IMG_0495-1-280x157.jpg" class="attachment-thumbnail size-thumbnail" alt="" srcset="https://www.fibrecableconnect.de/wp-content/uploads/IMG_0495-1-280x157.jpg 280w, https://www.fibrecableconnect.de/wp-content/uploads/IMG_0495-1-400x225.jpg 400w, https://www.fibrecableconnect.de/wp-content/uploads/IMG_0495-1-256x144.jpg 256w" sizes="auto, (max-width: 280px) 100vw, 280px" /></a>
			</div>
</figure>
<figure class='gallery-item'>
<div class='gallery-icon portrait'>
				<a href='https://www.fibrecableconnect.de/en/img_0385/'><img loading="lazy" decoding="async" width="280" height="157" src="https://www.fibrecableconnect.de/wp-content/uploads/IMG_0385-280x157.jpg" class="attachment-thumbnail size-thumbnail" alt="" srcset="https://www.fibrecableconnect.de/wp-content/uploads/IMG_0385-280x157.jpg 280w, https://www.fibrecableconnect.de/wp-content/uploads/IMG_0385-400x225.jpg 400w, https://www.fibrecableconnect.de/wp-content/uploads/IMG_0385-256x144.jpg 256w" sizes="auto, (max-width: 280px) 100vw, 280px" /></a>
			</div>
</figure>
<figure class='gallery-item'>
<div class='gallery-icon landscape'>
				<a href='https://www.fibrecableconnect.de/en/products-services/optical-fiber-bundle/faserbuendel_gross/'><img loading="lazy" decoding="async" width="280" height="157" src="https://www.fibrecableconnect.de/wp-content/uploads/Faserbündel_gross-280x157.jpg" class="attachment-thumbnail size-thumbnail" alt="" srcset="https://www.fibrecableconnect.de/wp-content/uploads/Faserbündel_gross-280x157.jpg 280w, https://www.fibrecableconnect.de/wp-content/uploads/Faserbündel_gross-400x225.jpg 400w, https://www.fibrecableconnect.de/wp-content/uploads/Faserbündel_gross-256x144.jpg 256w" sizes="auto, (max-width: 280px) 100vw, 280px" /></a>
			</div>
</figure>
<figure class='gallery-item'>
<div class='gallery-icon landscape'>
				<a href='https://www.fibrecableconnect.de/en/products-services/optical-fiber-bundle/faserbuendel-linienanordnung/'><img loading="lazy" decoding="async" width="280" height="157" src="https://www.fibrecableconnect.de/wp-content/uploads/Faserbuendel-Linienanordnung-280x157.jpg" class="attachment-thumbnail size-thumbnail" alt="" srcset="https://www.fibrecableconnect.de/wp-content/uploads/Faserbuendel-Linienanordnung-280x157.jpg 280w, https://www.fibrecableconnect.de/wp-content/uploads/Faserbuendel-Linienanordnung-400x225.jpg 400w, https://www.fibrecableconnect.de/wp-content/uploads/Faserbuendel-Linienanordnung-256x144.jpg 256w" sizes="auto, (max-width: 280px) 100vw, 280px" /></a>
			</div>
</figure></div>

<p>In der Spektroskopie gehören Glasfaserkabel zur modernen Ausrüstung eines Spektrometers. Sie stellen die Verbindung zwischen dem Spektrometer, den Quellen von Mess- Beleuchtungslicht und der Auswertetechnik her. In der Spektroskopie verwendet man für ein Faserbündel spezielle, mit Polyimide beschichtete Fasern. Diese Polyimide-Schicht ist nur wenige Mikrometer dick und muss bei der Herstellung eines Faserbündels nicht abgezogen werden, weil sie den Abstand der Fasern im Bündel nur geringfügig vergrößert. Gleichzeitig stabilisiert sie die Faser. Außer den SMA-Steckern werden auch FC/PC-Stecker verwendet. In den Steckern sind mehrere Fasern als Faserbündel verklebt, teilweise hochtemperaturresistent, mit spezieller Faseranordnung als Spalt oder Matrix, passend zum Empfänger.</p>
